est common divisor of 52 and z.
26
Let h be -42*((-66)/42 + 2)*-8. What is the highest common factor of 60 and h?
12
Let i(b) = 2*b**2 + 13*b + 11. Let w be i(-9). Let a be 168/16*(-8)/(-6). Calculate the highest common factor of a and w.
14
Let s be 6/((-2)/(2/(-3)))*188. Calculate the greatest common divisor of s and 47.
47
Suppose -3*a = -3*z + 2*a + 107, -2*z - 4*a = -108. Suppose -u - 165 = -6*u + x, -2*u + 4*x + 66 = 0. What is the highest common factor of u and z?
11
Let k be 561 - (-13)/13 - 4*1. What is the highest common divisor of 18 and k?
18
Let d(h) be the first derivative of 3*h**2/2 + 13*h - 3. Let b be d(0). Suppose 106 = 5*x - 24. What is the highest common divisor of b and x?
13
Let u(a) = -1464*a - 3 + 1461*a + 16. Let z be u(3). What is the highest common divisor of z and 20?
4
Suppose 6*l - 95 = 31. What is the greatest common factor of l and 1239?
21
Let z be ((-25)/(-5) - 15)*(-5 + 3). Let a be ((-30)/(-9))/((-3)/(-162)). What is the highest common factor of a and z?
20
Let r be 9/36 - 95/(-4). Suppose 0 = 5*m + 15, 410 = -w - 3*m - 13. Let c = -222 - w. What is the highest common factor of r and c?
24
Suppose -9 + 84 = k. Let t be ((-1281)/(-33) - 4) + 2/11. Suppose -5*q + 100 = -5*l, 3*l + t = 3*q + 5*l. Calculate the greatest common factor of k and q.
15
Let f be (2220/(-15))/(2/(-3)). Calculate the highest common factor of 370 and f.
74
Let a be (-4)/50 + 46878/975. Calculate the greatest common divisor of a and 304.
16
Let f be 5 + 2*(-2 + (2 - 1)). Suppose f*u + 24 = 96. Calculate the greatest common divisor of u and 3.
3
Suppose 6*n - 75 = n - 5*o, 0 = 5*n - o - 45. Let t = 11329 + -11259. What is the highest common factor of t and n?
10
Let n be 1/(-1 + 2 - 2). Let v = 9 + n. What is the greatest common factor of v and 56?
8
Suppose 23*l = 1865 + 1079. What is the greatest common factor of 192 and l?
64
Let n be 24 + -20 - (-124)/1. Suppose n - 30 = 2*v. Calculate the greatest common factor of v and 7.
7
Let z = 8 + -3. Let f(b) = b**3 - 6*b**2 - b - 7. Let i be f(7). Calculate the greatest common divisor of i and z.
5
Let g = -13 - -27. Suppose -4*c + g + 36 = 2*p, -3*p - 3 = 0. What is the greatest common divisor of c and 104?
13
Suppose 0 = -3*n + 2*n + 8. Let k be 186/n*1 - (-6)/8. Calculate the greatest common divisor of k and 8.
8
Let p be (9/2)/((-2)/(-4)). Suppose -2*u + 0*t + 3*t = p, u - 15 = -5*t. Suppose -3*b + 55 + 5 = u. Calculate the highest common factor of b and 160.
20
Let f(w) = 14*w**2 + w + 74. Let g be f(-7). What is the greatest common factor of 3 and g?
3
Let f = -54 - -46. Let z be (46/(-8) - 3)*f. Let t(v) = -v**3 - 3*v**2 - 4*v - 4. Let j be t(-4). Calculate the greatest common factor of j and z.
14
Suppose 0*s = 4*s. Suppose 10 = 3*q + 2*q - 5*w, s = -q - 4*w - 8. Suppose 8*v - 4*v - 44 = q. Calculate the greatest common factor of 77 and v.
11
Suppose -74 + 4 = -7*y. Let a be ((-36)/y)/(15/(-50)). What is the greatest common divisor of a and 4?
4
Let o be (-2)/(-6) + (44/12 - 4). Suppose o = -3*h + 26 + 73. Calculate the greatest common factor of 264 and h.
33
Let x(k) = 1. Let r(c) = 7*c - 72. Let n(t) = -r(t) - 5*x(t). Let u be n(9). What is the highest common divisor of 8 and u?
4
Suppose 8*z - 5 = 11. Suppose -2*n = 3*x - 175, x - z*n = -6*n + 75. Calculate the highest common divisor of 11 and x.
11
Let j(u) = 2*u - 18. Let b be j(11). Suppose -288 = b*r - 7*r. Calculate the highest common factor of 12 and r.
12
Let l(j) = -5*j - 43. Let t be l(-15). Suppose -h = -6*h + 160. Calculate the greatest common divisor of t and h.
32
Let n(a) = -12*a + 0*a**2 + 1 - a**2 + 1. Let i be n(-12). Suppose -i*c + 7*c + 55 = 5*x, 3*x - 37 = 4*c. What is the highest common factor of 49 and x?
7
Let y = 239 + -234. What is the highest common factor of y and 10?
5
Let o be 5 - 0 - 864/(-18). Suppose 2*v = -2*v + 4*c + 220, 3*c = v - o. Calculate the highest common factor of 14 and v.
14
Let k(t) = t**3 + 31*t**2 + 143*t - 3. Let b be k(-6). Calculate the highest common divisor of 15 and b.
3
Suppose 15*g - 19*g = 4*m - 64, -2*g + m = -20. What is the highest common factor of g and 636?
12
Let l be 10*((-4)/(-10) - 0). Let o be (-19)/(-2) - 6/l. Suppose -3*b = 3*f - 5*f + 68, f + b = 44. What is the highest common factor of f and o?
8
Suppose m - 18 = -4*q, -5*m + 5*q + 56 = -34. What is the greatest common divisor of 162 and m?
18
Suppose 5*r - 3*s - 3843 = 0, -5*r + 4*s = -8*r + 2300. Calculate the greatest common factor of 24 and r.
24
Let r = 8 - 0. Let m = r - -11. Let q = 62 + -24. Calculate the highest common divisor of q and m.
19
Let g = -18 + 34. Suppose o = -y + 29, -50 = -3*y - 5*o + 31. Calculate the greatest common divisor of g and y.
16
Suppose -12*a + 290 + 502 = 0. Let u = 246 - 147. Calculate the greatest common divisor of u and a.
33
Let t be 0 + 1 + -1 + (-4 - -14). Calculate the highest common factor of 5 and t.
5
Suppose -14 = -j - j. Let r(u) = -u**3 + 7*u**2 + u - 6. Let o be r(j). Let d be -3*o + 3 + 4. Calculate the greatest common divisor of d and 8.
4
Let t(o) = 15*o - 9. Let m be t(1). What is the greatest common factor of m and 3?
3
Let s(n) = n**2 - 24*n + 69. Let u be s(22). Calculate the highest common divisor of u and 25.
25
Suppose 2*p - 972 = -2*p + 4*d, -2*p + 3*d + 481 = 0. What is the greatest common factor of p and 62?
62
Suppose 4*r + 4*b - 24 = 0, r - b + 18 = 6*r. Let n be -2 - (-15 - -2)/(-2 + r). What is the greatest common divisor of n and 352?
11
Let y = 16 + -13. Suppose y*t + t - 256 = 0. Let v = 136 - t. Calculate the greatest common factor of v and 8.
8
Let j(i) = -i**2 + 14*i + 17. Let s be j(14). Let b = 10 + s. What is the highest common divisor of 108 and b?
27
Suppose -3 = 3*b + u - 2, 0 = -5*u - 5. Suppose b = -5*s - 4*w + 19, 5*w = s - 13 - 14. What is the highest common divisor of 21 and s?
7
Suppose 4*i + 16*a = 13*a + 49, a = -2*i + 25. What is the greatest common factor of i and 351?
13
Suppose -10*s = -9*s - 3. Suppose 4*d + 14 = 5*k - 1, -2*k + s = -d. Let q be 5/1 + k + 0. What is the highest common factor of 16 and q?
4
Suppose 2*n + 6 - 72 = 0. What is the greatest common factor of 528 and n?
33
Let z(g) be the first derivative of g**2/2 + 20*g + 18. Let d be z(-14). What is the greatest common divisor of d and 96?
6
Suppose -2*r - 11 = 3*l, r - l = -0*l - 3. Let x(t) = -9*t + 12. Let u be x(r). What is the highest common divisor of 96 and u?
48
Suppose -4*k + 37 + 103 = 0. Let n(l) = 15*l**2 - 1. Let g be n(-1). Calculate the greatest common divisor of g and k.
7
Let t be (1 - (-6)/(-9))/((-10)/(-840)). Suppose 0 = -w - 5*m + 14, -3*w + 3*m = -0*w - 42. What is the highest common factor of w and t?
14
Suppose 2*f + 44 = w, 2*f - 113 = -3*w + 11. Suppose 4*c + 5*g - 9 = 0, -3*c + 25 + 8 = -5*g. Calculate the highest common divisor of c and w.
6
Suppose f = 2*f - 5*b - 53, 2*b = 5*f - 334. What is the highest common factor of 544 and f?
68
Suppose 56 + 84 = 10*b. What is the highest common factor of b and 938?
14
Suppose 108 - 18 = u. Calculate the highest common factor of 6 and u.
6
Let g(y) = -36*y - 463. Let w be g(-15). What is the highest common divisor of 1463 and w?
77
Let r(q) = -14*q - 14. Let t be r(-11). Calculate the highest common divisor of t and 40.
20
Suppose -6*v = 4*m - 2*v + 4, m - 5*v = 11. Let k be m + 1 + (-54)/(-3). Calculate the highest common factor of 4 and k.
4
Let p be 4*2/4 - -20. Let n(h) = -6 - 3 + 4 + h**2. Let u be n(-4). Calculate the greatest common factor of u and p.
11
Suppose 5*v = 4*u + 116, 5*v = -14*u + 15*u + 104. Calculate the greatest common divisor of 360 and v.
20
Suppose 6*d - d - 3*f - 84 = 0, d - 9 = -2*f. Calculate the greatest common divisor of d and 1005.
15
Let j be 44/(-6) - 8/12. Let h(z) = z**2 + 5*z - 5. Let t be h(j). Let w = t - 11. What is the greatest common divisor of w and 2?
2
Let z be (8/28)/(2/7) + 492. Calculate the highest common divisor of 29 and z.
29
Let j = -739 + 795. Calculate the greatest common factor of 1400 and j.
56
Let d(u) = -2*u**3 + 24*u**2 + 28*u - 18. Let q be d(13). What is the greatest common factor of 88 and q?
8
Let w(c) = 2*c**2 + 6*c + 22. Let l = -92 + 88. Let x be w(l). Suppose 36 = -z + 4*z. What is the highest common factor of z and x?
